{"id":8,"date":"2025-09-29T21:24:24","date_gmt":"2025-09-29T21:24:24","guid":{"rendered":"https:\/\/ingenieriadsi.mx\/?page_id=8"},"modified":"2025-10-15T17:35:29","modified_gmt":"2025-10-15T17:35:29","slug":"acerca-de","status":"publish","type":"page","link":"https:\/\/ingenieriadsi.mx\/index.php\/acerca-de\/","title":{"rendered":"\u00bfQuieres reportar un equipo?"},"content":{"rendered":"\t\t<div data-elementor-type=\"wp-page\" data-elementor-id=\"8\" class=\"elementor elementor-8\">\n\t\t\t\t<div class=\"elementor-element elementor-element-f8b724f e-flex e-con-boxed e-con e-parent\" data-id=\"f8b724f\" data-element_type=\"container\">\n\t\t\t\t\t<div class=\"e-con-inner\">\n\t\t\t\t<div class=\"elementor-element elementor-element-c24e8e7 elementor-widget elementor-widget-html\" data-id=\"c24e8e7\" data-element_type=\"widget\" data-widget_type=\"html.default\">\n\t\t\t\t\t<iframe src=\"https:\/\/docs.google.com\/forms\/d\/e\/1FAIpQLSc7NJLOgomwMxHwlK5PXHM3CUrtyLiA4tv5tCxqA9WoDS47Pw\/viewform?embedded=true\" width=\"640\" height=\"1052\" frameborder=\"0\" marginheight=\"0\" marginwidth=\"0\">Cargando\u2026<\/iframe>\t\t\t\t<\/div>\n\t\t\t\t\t<\/div>\n\t\t\t\t<\/div>\n\t\t<div class=\"elementor-element elementor-element-2b131ed e-flex e-con-boxed e-con e-parent\" data-id=\"2b131ed\" data-element_type=\"container\">\n\t\t\t\t\t<div class=\"e-con-inner\">\n\t\t<div class=\"elementor-element elementor-element-dc4d5f3 e-con-full e-flex e-con e-child\" data-id=\"dc4d5f3\" data-element_type=\"container\">\n\t\t\t\t<div class=\"elementor-element elementor-element-c7c8243 elementor-widget elementor-widget-text-editor\" data-id=\"c7c8243\" data-element_type=\"widget\" data-widget_type=\"text-editor.default\">\n\t\t\t\t\t\t\t\t\t<h3>Contacto Roche<\/h3><p><strong>Tel\u00e9fono:<\/strong> +52 55 1234 5678<\/p><p><strong>Correo:<\/strong> contacto@roche.com.mx<\/p><p><strong>Direcci\u00f3n:<\/strong><br \/>Av. Ejemplo 123, CDMX, M\u00e9xico<\/p><p><strong>Horario:<\/strong><br \/>Lunes a Viernes, 9:00 a 18:00 hrs<\/p>\t\t\t\t\t\t\t\t<\/div>\n\t\t\t\t<\/div>\n\t\t<div class=\"elementor-element elementor-element-13fed23 e-con-full e-flex e-con e-child\" data-id=\"13fed23\" data-element_type=\"container\">\n\t\t\t\t<div class=\"elementor-element elementor-element-70b0517 elementor-widget elementor-widget-text-editor\" data-id=\"70b0517\" data-element_type=\"widget\" data-widget_type=\"text-editor.default\">\n\t\t\t\t\t\t\t\t\t<h3>Contacto Diquilav<\/h3><p><strong>Tel\u00e9fono:<\/strong> +52 55 1234 5678<\/p><p><strong>Correo:<\/strong> contacto@roche.com.mx<\/p><p><strong>Direcci\u00f3n:<\/strong><br \/>Av. Ejemplo 123, CDMX, M\u00e9xico<\/p><p><strong>Horario:<\/strong><br \/>Lunes a Viernes, 9:00 a 18:00 hrs<\/p>\t\t\t\t\t\t\t\t<\/div>\n\t\t\t\t<\/div>\n\t\t\t\t\t<\/div>\n\t\t\t\t<\/div>\n\t\t\t\t<\/div>\n\t\t","protected":false},"excerpt":{"rendered":"<p>Cargando\u2026 Contacto Roche Tel\u00e9fono: +52 55 1234 5678 Correo: contacto@roche.com.mx Direcci\u00f3n:Av. Ejemplo 123, CDMX, M\u00e9xico Horario:Lunes a Viernes, 9:00 a 18:00 hrs Contacto Diquilav Tel\u00e9fono: +52 55 1234 5678 Correo: contacto@roche.com.mx Direcci\u00f3n:Av. Ejemplo 123, CDMX, M\u00e9xico Horario:Lunes a Viernes, 9:00 a 18:00 hrs<\/p>\n","protected":false},"author":1,"featured_media":0,"parent":0,"menu_order":0,"comment_status":"closed","ping_status":"closed","template":"","meta":{"vkexunit_cta_each_option":"","footnotes":""},"class_list":["post-8","page","type-page","status-publish","hentry"],"yoast_head":"<!-- This site is optimized with the Yoast SEO plugin v26.1.1 - https:\/\/yoast.com\/wordpress\/plugins\/seo\/ -->\n<title>\u00bfQuieres reportar un equipo? - DSI - Servicios e Ingenier\u00eda<\/title>\n<meta name=\"robots\" content=\"index, follow, max-snippet:-1, max-image-preview:large, max-video-preview:-1\" \/>\n<link rel=\"canonical\" href=\"https:\/\/ingenieriadsi.mx\/index.php\/acerca-de\/\" \/>\n<meta property=\"og:locale\" content=\"es_ES\" \/>\n<meta property=\"og:type\" content=\"article\" \/>\n<meta property=\"og:title\" content=\"\u00bfQuieres reportar un equipo? - DSI - Servicios e Ingenier\u00eda\" \/>\n<meta property=\"og:description\" content=\"Cargando\u2026 Contacto Roche Tel\u00e9fono: +52 55 1234 5678 Correo: contacto@roche.com.mx Direcci\u00f3n:Av. Ejemplo 123, CDMX, M\u00e9xico Horario:Lunes a Viernes, 9:00 a 18:00 hrs Contacto Diquilav Tel\u00e9fono: +52 55 1234 5678 Correo: contacto@roche.com.mx Direcci\u00f3n:Av. Ejemplo 123, CDMX, M\u00e9xico Horario:Lunes a Viernes, 9:00 a 18:00 hrs\" \/>\n<meta property=\"og:url\" content=\"https:\/\/ingenieriadsi.mx\/index.php\/acerca-de\/\" \/>\n<meta property=\"og:site_name\" content=\"DSI - Servicios e Ingenier\u00eda\" \/>\n<meta property=\"article:modified_time\" content=\"2025-10-15T17:35:29+00:00\" \/>\n<meta name=\"twitter:card\" content=\"summary_large_image\" \/>\n<meta name=\"twitter:label1\" content=\"Tiempo de lectura\" \/>\n\t<meta name=\"twitter:data1\" content=\"1 minuto\" \/>\n<script type=\"application\/ld+json\" class=\"yoast-schema-graph\">{\"@context\":\"https:\/\/schema.org\",\"@graph\":[{\"@type\":\"WebPage\",\"@id\":\"https:\/\/ingenieriadsi.mx\/index.php\/acerca-de\/\",\"url\":\"https:\/\/ingenieriadsi.mx\/index.php\/acerca-de\/\",\"name\":\"\u00bfQuieres reportar un equipo? - DSI - Servicios e Ingenier\u00eda\",\"isPartOf\":{\"@id\":\"https:\/\/ingenieriadsi.mx\/#website\"},\"datePublished\":\"2025-09-29T21:24:24+00:00\",\"dateModified\":\"2025-10-15T17:35:29+00:00\",\"breadcrumb\":{\"@id\":\"https:\/\/ingenieriadsi.mx\/index.php\/acerca-de\/#breadcrumb\"},\"inLanguage\":\"es\",\"potentialAction\":[{\"@type\":\"ReadAction\",\"target\":[\"https:\/\/ingenieriadsi.mx\/index.php\/acerca-de\/\"]}]},{\"@type\":\"BreadcrumbList\",\"@id\":\"https:\/\/ingenieriadsi.mx\/index.php\/acerca-de\/#breadcrumb\",\"itemListElement\":[{\"@type\":\"ListItem\",\"position\":1,\"name\":\"Portada\",\"item\":\"https:\/\/ingenieriadsi.mx\/\"},{\"@type\":\"ListItem\",\"position\":2,\"name\":\"\u00bfQuieres reportar un equipo?\"}]},{\"@type\":\"WebSite\",\"@id\":\"https:\/\/ingenieriadsi.mx\/#website\",\"url\":\"https:\/\/ingenieriadsi.mx\/\",\"name\":\"DSI - Servicios e Ingenier\u00eda\",\"description\":\"Innovaci\u00f3n y confianza en servicios integrales para laboratorios cl\u00ednicos.\",\"potentialAction\":[{\"@type\":\"SearchAction\",\"target\":{\"@type\":\"EntryPoint\",\"urlTemplate\":\"https:\/\/ingenieriadsi.mx\/?s={search_term_string}\"},\"query-input\":{\"@type\":\"PropertyValueSpecification\",\"valueRequired\":true,\"valueName\":\"search_term_string\"}}],\"inLanguage\":\"es\"}]}<\/script>\n<!-- \/ Yoast SEO plugin. -->","yoast_head_json":{"title":"\u00bfQuieres reportar un equipo? - DSI - Servicios e Ingenier\u00eda","robots":{"index":"index","follow":"follow","max-snippet":"max-snippet:-1","max-image-preview":"max-image-preview:large","max-video-preview":"max-video-preview:-1"},"canonical":"https:\/\/ingenieriadsi.mx\/index.php\/acerca-de\/","og_locale":"es_ES","og_type":"article","og_title":"\u00bfQuieres reportar un equipo? - DSI - Servicios e Ingenier\u00eda","og_description":"Cargando\u2026 Contacto Roche Tel\u00e9fono: +52 55 1234 5678 Correo: contacto@roche.com.mx Direcci\u00f3n:Av. Ejemplo 123, CDMX, M\u00e9xico Horario:Lunes a Viernes, 9:00 a 18:00 hrs Contacto Diquilav Tel\u00e9fono: +52 55 1234 5678 Correo: contacto@roche.com.mx Direcci\u00f3n:Av. Ejemplo 123, CDMX, M\u00e9xico Horario:Lunes a Viernes, 9:00 a 18:00 hrs","og_url":"https:\/\/ingenieriadsi.mx\/index.php\/acerca-de\/","og_site_name":"DSI - Servicios e Ingenier\u00eda","article_modified_time":"2025-10-15T17:35:29+00:00","twitter_card":"summary_large_image","twitter_misc":{"Tiempo de lectura":"1 minuto"},"schema":{"@context":"https:\/\/schema.org","@graph":[{"@type":"WebPage","@id":"https:\/\/ingenieriadsi.mx\/index.php\/acerca-de\/","url":"https:\/\/ingenieriadsi.mx\/index.php\/acerca-de\/","name":"\u00bfQuieres reportar un equipo? - DSI - Servicios e Ingenier\u00eda","isPartOf":{"@id":"https:\/\/ingenieriadsi.mx\/#website"},"datePublished":"2025-09-29T21:24:24+00:00","dateModified":"2025-10-15T17:35:29+00:00","breadcrumb":{"@id":"https:\/\/ingenieriadsi.mx\/index.php\/acerca-de\/#breadcrumb"},"inLanguage":"es","potentialAction":[{"@type":"ReadAction","target":["https:\/\/ingenieriadsi.mx\/index.php\/acerca-de\/"]}]},{"@type":"BreadcrumbList","@id":"https:\/\/ingenieriadsi.mx\/index.php\/acerca-de\/#breadcrumb","itemListElement":[{"@type":"ListItem","position":1,"name":"Portada","item":"https:\/\/ingenieriadsi.mx\/"},{"@type":"ListItem","position":2,"name":"\u00bfQuieres reportar un equipo?"}]},{"@type":"WebSite","@id":"https:\/\/ingenieriadsi.mx\/#website","url":"https:\/\/ingenieriadsi.mx\/","name":"DSI - Servicios e Ingenier\u00eda","description":"Innovaci\u00f3n y confianza en servicios integrales para laboratorios cl\u00ednicos.","potentialAction":[{"@type":"SearchAction","target":{"@type":"EntryPoint","urlTemplate":"https:\/\/ingenieriadsi.mx\/?s={search_term_string}"},"query-input":{"@type":"PropertyValueSpecification","valueRequired":true,"valueName":"search_term_string"}}],"inLanguage":"es"}]}},"_links":{"self":[{"href":"https:\/\/ingenieriadsi.mx\/index.php\/wp-json\/wp\/v2\/pages\/8","targetHints":{"allow":["GET"]}}],"collection":[{"href":"https:\/\/ingenieriadsi.mx\/index.php\/wp-json\/wp\/v2\/pages"}],"about":[{"href":"https:\/\/ingenieriadsi.mx\/index.php\/wp-json\/wp\/v2\/types\/page"}],"author":[{"embeddable":true,"href":"https:\/\/ingenieriadsi.mx\/index.php\/wp-json\/wp\/v2\/users\/1"}],"replies":[{"embeddable":true,"href":"https:\/\/ingenieriadsi.mx\/index.php\/wp-json\/wp\/v2\/comments?post=8"}],"version-history":[{"count":31,"href":"https:\/\/ingenieriadsi.mx\/index.php\/wp-json\/wp\/v2\/pages\/8\/revisions"}],"predecessor-version":[{"id":186,"href":"https:\/\/ingenieriadsi.mx\/index.php\/wp-json\/wp\/v2\/pages\/8\/revisions\/186"}],"wp:attachment":[{"href":"https:\/\/ingenieriadsi.mx\/index.php\/wp-json\/wp\/v2\/media?parent=8"}],"curies":[{"name":"wp","href":"https:\/\/api.w.org\/{rel}","templated":true}]}}